{"id":9821,"date":"2025-05-02T20:42:25","date_gmt":"2025-05-02T20:42:25","guid":{"rendered":"https:\/\/danielfarias.com.br\/sindilojas-temp\/?page_id=9821"},"modified":"2025-06-24T15:33:16","modified_gmt":"2025-06-24T15:33:16","slug":"base-estrategica","status":"publish","type":"page","link":"https:\/\/sindilojasfor.org.br\/web\/base-estrategica\/","title":{"rendered":"Base Estrat\u00e9gica"},"content":{"rendered":"\t\t<div data-elementor-type=\"wp-page\" data-elementor-id=\"9821\" class=\"elementor elementor-9821\" data-elementor-post-type=\"page\">\n\t\t\t\t<div class=\"elementor-element elementor-element-04c91d3 e-flex e-con-boxed e-con e-parent\" data-id=\"04c91d3\" data-element_type=\"container\" data-e-type=\"container\" data-settings=\"{&quot;background_background&quot;:&quot;classic&quot;}\">\n\t\t\t\t\t<div class=\"e-con-inner\">\n\t\t\t\t\t<\/div>\n\t\t\t\t<\/div>\n\t\t<div class=\"elementor-element elementor-element-e2fa9ca e-flex e-con-boxed e-con e-parent\" data-id=\"e2fa9ca\" data-element_type=\"container\" data-e-type=\"container\">\n\t\t\t\t\t<div class=\"e-con-inner\">\n\t\t\t\t<div class=\"elementor-element elementor-element-08a1ea0 elementor-widget elementor-widget-image\" data-id=\"08a1ea0\" data-element_type=\"widget\" data-e-type=\"widget\" data-widget_type=\"image.default\">\n\t\t\t\t<div class=\"elementor-widget-container\">\n\t\t\t\t\t\t\t\t\t\t\t\t\t\t\t<img decoding=\"async\" width=\"71\" height=\"71\" src=\"https:\/\/sindilojasfor.org.br\/web\/wp-content\/uploads\/2025\/05\/detalhe-xadrez.webp\" class=\"attachment-large size-large wp-image-128\" alt=\"\" \/>\t\t\t\t\t\t\t\t\t\t\t\t\t\t\t<\/div>\n\t\t\t\t<\/div>\n\t\t\t\t\t<\/div>\n\t\t\t\t<\/div>\n\t\t<div class=\"elementor-element elementor-element-f02f6c1 e-flex e-con-boxed e-con e-parent\" data-id=\"f02f6c1\" data-element_type=\"container\" data-e-type=\"container\">\n\t\t\t\t\t<div class=\"e-con-inner\">\n\t\t\t\t<div class=\"elementor-element elementor-element-e70a367 scroll-bottom elementor-widget elementor-widget-text-editor\" data-id=\"e70a367\" data-element_type=\"widget\" data-e-type=\"widget\" data-widget_type=\"text-editor.default\">\n\t\t\t\t<div class=\"elementor-widget-container\">\n\t\t\t\t\t\t\t\t\t<h4>Miss\u00e3o<\/h4><p>\u201cAgregar, defender e representar a classe lojista para gerar resultados positivos para seus associados e filiados\u201d.<\/p><h4>Vis\u00e3o<\/h4><p>\u201cSer refer\u00eancia como representante do com\u00e9rcio varejista e lojista a n\u00edvel nacional\u201d.<\/p><h4>Valores<\/h4><p>Respeito | \u00c9tica | Credibilidade | Responsabilidade Social<\/p><h4>Princ\u00edpios<\/h4><p><strong>A\u00e7\u00e3o pelo prop\u00f3sito:<\/strong>\u00a0Agir sempre motivado pelo prop\u00f3sito maior (bem-estar da sociedade como um todo).<\/p><p><strong>Busca de harmonia:<\/strong>\u00a0Contribuir para perfeita harmonia na entidade, entre colaboradores, diretores, empresas associadas, representadas e entidades co-irm\u00e3s.<\/p><p><strong>Consci\u00eancia em a\u00e7\u00e3o:<\/strong>\u00a0Ser um exemplo vivo do que h\u00e1 de melhor no ser humano. Fazer tudo com consci\u00eancia, praticando empatia com todos os envolvidos e todos que poder\u00e3o ser afetados por sua decis\u00e3o.<\/p><p><strong>Nosso melhor estado:<\/strong>\u00a0Atuar sempre a partir de nosso \u201cmelhor eu\u201d e nunca de nosso \u201cmenor eu\u201d. Nossa responsabilidade \u00e9 de sempre atuar em nosso melhor estado: f\u00edsico, mental, emocional, espiritual. Lembrando que nosso \u201cmelhor eu\u201d atua sempre pelo bem-estar de todos; o \u201cmenor eu\u201d, s\u00f3 o melhor para si.<\/p><p><strong>Foco na verdade:<\/strong>\u00a0Atuar sempre apoiado na verdade, na realidade real, e nunca em ilus\u00f5es e percep\u00e7\u00f5es distorcidas da realidade. Nossa responsabilidade \u00e9 sempre trazer as verdades \u00e0 mesa de decis\u00f5es para assegurar o melhor para a vida e para o todo.<\/p><p><strong>Responsabilidade pelo todo:<\/strong>\u00a0\u00c9 nossa responsabilidade estar conectado, envolvido (n\u00e3o alienado), participante ativo junto ao time maior que constitui a organiza\u00e7\u00e3o.<\/p><p><strong>Pr\u00f3-solu\u00e7\u00f5es:<\/strong>\u00a0Canalizar nossa energia para o construtivo, o antecipativo e o preventivo.<\/p><p><strong>Equil\u00edbrio de interesses:<\/strong>\u00a0N\u00e3o permitir que nenhum interesse pessoal\/parcial domine nossas delibera\u00e7\u00f5es. N\u00e3o tomar nenhuma decis\u00e3o at\u00e9 que todos os diretamente afetados por ela tenham sido ouvidos.<\/p>\t\t\t\t\t\t\t\t<\/div>\n\t\t\t\t<\/div>\n\t\t\t\t\t<\/div>\n\t\t\t\t<\/div>\n\t\t<div class=\"elementor-element elementor-element-df43cc5 e-flex e-con-boxed e-con e-parent\" data-id=\"df43cc5\" data-element_type=\"container\" data-e-type=\"container\">\n\t\t\t\t\t<div class=\"e-con-inner\">\n\t\t\t\t<div class=\"elementor-element elementor-element-24ffa50 elementor-widget elementor-widget-image\" data-id=\"24ffa50\" data-element_type=\"widget\" data-e-type=\"widget\" data-widget_type=\"image.default\">\n\t\t\t\t<div class=\"elementor-widget-container\">\n\t\t\t\t\t\t\t\t\t\t\t\t\t\t\t<img decoding=\"async\" width=\"71\" height=\"71\" src=\"https:\/\/sindilojasfor.org.br\/web\/wp-content\/uploads\/2025\/05\/detalhe-xadrez.webp\" class=\"attachment-large size-large wp-image-128\" alt=\"\" \/>\t\t\t\t\t\t\t\t\t\t\t\t\t\t\t<\/div>\n\t\t\t\t<\/div>\n\t\t\t\t\t<\/div>\n\t\t\t\t<\/div>\n\t\t\t\t<\/div>\n\t\t","protected":false},"excerpt":{"rendered":"<p>Miss\u00e3o \u201cAgregar, defender e representar a classe lojista para gerar resultados positivos para seus associados e filiados\u201d. Vis\u00e3o \u201cSer refer\u00eancia como representante do com\u00e9rcio varejista e lojista a n\u00edvel nacional\u201d. Valores Respeito | \u00c9tica | Credibilidade | Responsabilidade Social Princ\u00edpios A\u00e7\u00e3o pelo prop\u00f3sito:\u00a0Agir sempre motivado pelo prop\u00f3sito maior (bem-estar da sociedade como um todo). Busca [&hellip;]<\/p>\n","protected":false},"author":1,"featured_media":0,"parent":0,"menu_order":0,"comment_status":"closed","ping_status":"closed","template":"","meta":{"footnotes":""},"class_list":["post-9821","page","type-page","status-publish","hentry"],"yoast_head":"<!-- This site is optimized with the Yoast SEO plugin v27.3 - https:\/\/yoast.com\/product\/yoast-seo-wordpress\/ -->\n<title>Base Estrat\u00e9gica - Sindilojas Fortaleza<\/title>\n<meta name=\"robots\" content=\"index, follow, max-snippet:-1, max-image-preview:large, max-video-preview:-1\" \/>\n<link rel=\"canonical\" href=\"https:\/\/sindilojasfor.org.br\/web\/base-estrategica\/\" \/>\n<meta property=\"og:locale\" content=\"pt_BR\" \/>\n<meta property=\"og:type\" content=\"article\" \/>\n<meta property=\"og:title\" content=\"Base Estrat\u00e9gica - Sindilojas Fortaleza\" \/>\n<meta property=\"og:description\" content=\"Miss\u00e3o \u201cAgregar, defender e representar a classe lojista para gerar resultados positivos para seus associados e filiados\u201d. Vis\u00e3o \u201cSer refer\u00eancia como representante do com\u00e9rcio varejista e lojista a n\u00edvel nacional\u201d. Valores Respeito | \u00c9tica | Credibilidade | Responsabilidade Social Princ\u00edpios A\u00e7\u00e3o pelo prop\u00f3sito:\u00a0Agir sempre motivado pelo prop\u00f3sito maior (bem-estar da sociedade como um todo). Busca [&hellip;]\" \/>\n<meta property=\"og:url\" content=\"https:\/\/sindilojasfor.org.br\/web\/base-estrategica\/\" \/>\n<meta property=\"og:site_name\" content=\"Sindilojas Fortaleza\" \/>\n<meta property=\"article:publisher\" content=\"https:\/\/www.facebook.com\/SindilojasFortaleza\" \/>\n<meta property=\"article:modified_time\" content=\"2025-06-24T15:33:16+00:00\" \/>\n<meta property=\"og:image\" content=\"https:\/\/sindilojasfor.org.br\/web\/wp-content\/uploads\/2025\/05\/detalhe-xadrez.webp\" \/>\n<meta name=\"twitter:card\" content=\"summary_large_image\" \/>\n<meta name=\"twitter:site\" content=\"@SindilojasFor\" \/>\n<meta name=\"twitter:label1\" content=\"Est. tempo de leitura\" \/>\n\t<meta name=\"twitter:data1\" content=\"2 minutos\" \/>\n<script type=\"application\/ld+json\" class=\"yoast-schema-graph\">{\"@context\":\"https:\\\/\\\/schema.org\",\"@graph\":[{\"@type\":\"WebPage\",\"@id\":\"https:\\\/\\\/sindilojasfor.org.br\\\/web\\\/base-estrategica\\\/\",\"url\":\"https:\\\/\\\/sindilojasfor.org.br\\\/web\\\/base-estrategica\\\/\",\"name\":\"Base Estrat\u00e9gica - Sindilojas Fortaleza\",\"isPartOf\":{\"@id\":\"https:\\\/\\\/sindilojasfor.org.br\\\/web\\\/#website\"},\"primaryImageOfPage\":{\"@id\":\"https:\\\/\\\/sindilojasfor.org.br\\\/web\\\/base-estrategica\\\/#primaryimage\"},\"image\":{\"@id\":\"https:\\\/\\\/sindilojasfor.org.br\\\/web\\\/base-estrategica\\\/#primaryimage\"},\"thumbnailUrl\":\"https:\\\/\\\/sindilojasfor.org.br\\\/web\\\/wp-content\\\/uploads\\\/2025\\\/05\\\/detalhe-xadrez.webp\",\"datePublished\":\"2025-05-02T20:42:25+00:00\",\"dateModified\":\"2025-06-24T15:33:16+00:00\",\"breadcrumb\":{\"@id\":\"https:\\\/\\\/sindilojasfor.org.br\\\/web\\\/base-estrategica\\\/#breadcrumb\"},\"inLanguage\":\"pt-BR\",\"potentialAction\":[{\"@type\":\"ReadAction\",\"target\":[\"https:\\\/\\\/sindilojasfor.org.br\\\/web\\\/base-estrategica\\\/\"]}]},{\"@type\":\"ImageObject\",\"inLanguage\":\"pt-BR\",\"@id\":\"https:\\\/\\\/sindilojasfor.org.br\\\/web\\\/base-estrategica\\\/#primaryimage\",\"url\":\"https:\\\/\\\/sindilojasfor.org.br\\\/web\\\/wp-content\\\/uploads\\\/2025\\\/05\\\/detalhe-xadrez.webp\",\"contentUrl\":\"https:\\\/\\\/sindilojasfor.org.br\\\/web\\\/wp-content\\\/uploads\\\/2025\\\/05\\\/detalhe-xadrez.webp\",\"width\":71,\"height\":71},{\"@type\":\"BreadcrumbList\",\"@id\":\"https:\\\/\\\/sindilojasfor.org.br\\\/web\\\/base-estrategica\\\/#breadcrumb\",\"itemListElement\":[{\"@type\":\"ListItem\",\"position\":1,\"name\":\"In\u00edcio\",\"item\":\"https:\\\/\\\/sindilojasfor.org.br\\\/web\\\/\"},{\"@type\":\"ListItem\",\"position\":2,\"name\":\"Base Estrat\u00e9gica\"}]},{\"@type\":\"WebSite\",\"@id\":\"https:\\\/\\\/sindilojasfor.org.br\\\/web\\\/#website\",\"url\":\"https:\\\/\\\/sindilojasfor.org.br\\\/web\\\/\",\"name\":\"Sindilojas Fortaleza\",\"description\":\"H\u00e1 91 anos, A Casa do Lojista\",\"publisher\":{\"@id\":\"https:\\\/\\\/sindilojasfor.org.br\\\/web\\\/#organization\"},\"potentialAction\":[{\"@type\":\"SearchAction\",\"target\":{\"@type\":\"EntryPoint\",\"urlTemplate\":\"https:\\\/\\\/sindilojasfor.org.br\\\/web\\\/?s={search_term_string}\"},\"query-input\":{\"@type\":\"PropertyValueSpecification\",\"valueRequired\":true,\"valueName\":\"search_term_string\"}}],\"inLanguage\":\"pt-BR\"},{\"@type\":\"Organization\",\"@id\":\"https:\\\/\\\/sindilojasfor.org.br\\\/web\\\/#organization\",\"name\":\"Sindilojas Fortaleza\",\"url\":\"https:\\\/\\\/sindilojasfor.org.br\\\/web\\\/\",\"logo\":{\"@type\":\"ImageObject\",\"inLanguage\":\"pt-BR\",\"@id\":\"https:\\\/\\\/sindilojasfor.org.br\\\/web\\\/#\\\/schema\\\/logo\\\/image\\\/\",\"url\":\"https:\\\/\\\/sindilojasfor.org.br\\\/web\\\/wp-content\\\/uploads\\\/2025\\\/03\\\/logo.png\",\"contentUrl\":\"https:\\\/\\\/sindilojasfor.org.br\\\/web\\\/wp-content\\\/uploads\\\/2025\\\/03\\\/logo.png\",\"width\":750,\"height\":333,\"caption\":\"Sindilojas Fortaleza\"},\"image\":{\"@id\":\"https:\\\/\\\/sindilojasfor.org.br\\\/web\\\/#\\\/schema\\\/logo\\\/image\\\/\"},\"sameAs\":[\"https:\\\/\\\/www.facebook.com\\\/SindilojasFortaleza\",\"https:\\\/\\\/x.com\\\/SindilojasFor\",\"https:\\\/\\\/www.instagram.com\\\/SindilojasFor\",\"https:\\\/\\\/www.linkedin.com\\\/in\\\/gerencia-fortaleza-45093a46\\\/\",\"https:\\\/\\\/t.me\\\/sindilojasfortaleza\",\"https:\\\/\\\/www.youtube.com\\\/channel\\\/UCQOowPrNcYoeFMK58ZrCxDQ\"]}]}<\/script>\n<!-- \/ Yoast SEO plugin. -->","yoast_head_json":{"title":"Base Estrat\u00e9gica - Sindilojas Fortaleza","robots":{"index":"index","follow":"follow","max-snippet":"max-snippet:-1","max-image-preview":"max-image-preview:large","max-video-preview":"max-video-preview:-1"},"canonical":"https:\/\/sindilojasfor.org.br\/web\/base-estrategica\/","og_locale":"pt_BR","og_type":"article","og_title":"Base Estrat\u00e9gica - Sindilojas Fortaleza","og_description":"Miss\u00e3o \u201cAgregar, defender e representar a classe lojista para gerar resultados positivos para seus associados e filiados\u201d. Vis\u00e3o \u201cSer refer\u00eancia como representante do com\u00e9rcio varejista e lojista a n\u00edvel nacional\u201d. Valores Respeito | \u00c9tica | Credibilidade | Responsabilidade Social Princ\u00edpios A\u00e7\u00e3o pelo prop\u00f3sito:\u00a0Agir sempre motivado pelo prop\u00f3sito maior (bem-estar da sociedade como um todo). Busca [&hellip;]","og_url":"https:\/\/sindilojasfor.org.br\/web\/base-estrategica\/","og_site_name":"Sindilojas Fortaleza","article_publisher":"https:\/\/www.facebook.com\/SindilojasFortaleza","article_modified_time":"2025-06-24T15:33:16+00:00","og_image":[{"url":"https:\/\/sindilojasfor.org.br\/web\/wp-content\/uploads\/2025\/05\/detalhe-xadrez.webp","type":"","width":"","height":""}],"twitter_card":"summary_large_image","twitter_site":"@SindilojasFor","twitter_misc":{"Est. tempo de leitura":"2 minutos"},"schema":{"@context":"https:\/\/schema.org","@graph":[{"@type":"WebPage","@id":"https:\/\/sindilojasfor.org.br\/web\/base-estrategica\/","url":"https:\/\/sindilojasfor.org.br\/web\/base-estrategica\/","name":"Base Estrat\u00e9gica - Sindilojas Fortaleza","isPartOf":{"@id":"https:\/\/sindilojasfor.org.br\/web\/#website"},"primaryImageOfPage":{"@id":"https:\/\/sindilojasfor.org.br\/web\/base-estrategica\/#primaryimage"},"image":{"@id":"https:\/\/sindilojasfor.org.br\/web\/base-estrategica\/#primaryimage"},"thumbnailUrl":"https:\/\/sindilojasfor.org.br\/web\/wp-content\/uploads\/2025\/05\/detalhe-xadrez.webp","datePublished":"2025-05-02T20:42:25+00:00","dateModified":"2025-06-24T15:33:16+00:00","breadcrumb":{"@id":"https:\/\/sindilojasfor.org.br\/web\/base-estrategica\/#breadcrumb"},"inLanguage":"pt-BR","potentialAction":[{"@type":"ReadAction","target":["https:\/\/sindilojasfor.org.br\/web\/base-estrategica\/"]}]},{"@type":"ImageObject","inLanguage":"pt-BR","@id":"https:\/\/sindilojasfor.org.br\/web\/base-estrategica\/#primaryimage","url":"https:\/\/sindilojasfor.org.br\/web\/wp-content\/uploads\/2025\/05\/detalhe-xadrez.webp","contentUrl":"https:\/\/sindilojasfor.org.br\/web\/wp-content\/uploads\/2025\/05\/detalhe-xadrez.webp","width":71,"height":71},{"@type":"BreadcrumbList","@id":"https:\/\/sindilojasfor.org.br\/web\/base-estrategica\/#breadcrumb","itemListElement":[{"@type":"ListItem","position":1,"name":"In\u00edcio","item":"https:\/\/sindilojasfor.org.br\/web\/"},{"@type":"ListItem","position":2,"name":"Base Estrat\u00e9gica"}]},{"@type":"WebSite","@id":"https:\/\/sindilojasfor.org.br\/web\/#website","url":"https:\/\/sindilojasfor.org.br\/web\/","name":"Sindilojas Fortaleza","description":"H\u00e1 91 anos, A Casa do Lojista","publisher":{"@id":"https:\/\/sindilojasfor.org.br\/web\/#organization"},"potentialAction":[{"@type":"SearchAction","target":{"@type":"EntryPoint","urlTemplate":"https:\/\/sindilojasfor.org.br\/web\/?s={search_term_string}"},"query-input":{"@type":"PropertyValueSpecification","valueRequired":true,"valueName":"search_term_string"}}],"inLanguage":"pt-BR"},{"@type":"Organization","@id":"https:\/\/sindilojasfor.org.br\/web\/#organization","name":"Sindilojas Fortaleza","url":"https:\/\/sindilojasfor.org.br\/web\/","logo":{"@type":"ImageObject","inLanguage":"pt-BR","@id":"https:\/\/sindilojasfor.org.br\/web\/#\/schema\/logo\/image\/","url":"https:\/\/sindilojasfor.org.br\/web\/wp-content\/uploads\/2025\/03\/logo.png","contentUrl":"https:\/\/sindilojasfor.org.br\/web\/wp-content\/uploads\/2025\/03\/logo.png","width":750,"height":333,"caption":"Sindilojas Fortaleza"},"image":{"@id":"https:\/\/sindilojasfor.org.br\/web\/#\/schema\/logo\/image\/"},"sameAs":["https:\/\/www.facebook.com\/SindilojasFortaleza","https:\/\/x.com\/SindilojasFor","https:\/\/www.instagram.com\/SindilojasFor","https:\/\/www.linkedin.com\/in\/gerencia-fortaleza-45093a46\/","https:\/\/t.me\/sindilojasfortaleza","https:\/\/www.youtube.com\/channel\/UCQOowPrNcYoeFMK58ZrCxDQ"]}]}},"_links":{"self":[{"href":"https:\/\/sindilojasfor.org.br\/web\/wp-json\/wp\/v2\/pages\/9821","targetHints":{"allow":["GET"]}}],"collection":[{"href":"https:\/\/sindilojasfor.org.br\/web\/wp-json\/wp\/v2\/pages"}],"about":[{"href":"https:\/\/sindilojasfor.org.br\/web\/wp-json\/wp\/v2\/types\/page"}],"author":[{"embeddable":true,"href":"https:\/\/sindilojasfor.org.br\/web\/wp-json\/wp\/v2\/users\/1"}],"replies":[{"embeddable":true,"href":"https:\/\/sindilojasfor.org.br\/web\/wp-json\/wp\/v2\/comments?post=9821"}],"version-history":[{"count":25,"href":"https:\/\/sindilojasfor.org.br\/web\/wp-json\/wp\/v2\/pages\/9821\/revisions"}],"predecessor-version":[{"id":17616,"href":"https:\/\/sindilojasfor.org.br\/web\/wp-json\/wp\/v2\/pages\/9821\/revisions\/17616"}],"wp:attachment":[{"href":"https:\/\/sindilojasfor.org.br\/web\/wp-json\/wp\/v2\/media?parent=9821"}],"curies":[{"name":"wp","href":"https:\/\/api.w.org\/{rel}","templated":true}]}}